6 and 26732?
164
What is the greatest common divisor of 124 and 280292?
4
What is the greatest common factor of 12 and 2208372?
12
What is the greatest common factor of 56535 and 45?
15
Calculate the greatest common factor of 100142 and 1127.
161
What is the highest common divisor of 51714 and 272?
34
Calculate the greatest common factor of 136512 and 104.
8
Calculate the greatest common divisor of 661633 and 217.
217
Calculate the greatest common divisor of 128037 and 61908.
1407
What is the greatest common factor of 107935 and 5?
5
What is the highest common factor of 5824 and 15756?
52
What is the greatest common divisor of 51000 and 492?
12
What is the highest common factor of 5026 and 1694?
14
Calculate the greatest common factor of 29276 and 1689.
563
What is the highest common divisor of 207 and 2025?
9
What is the highest common divisor of 12 and 16804?
4
Calculate the highest common divisor of 9246 and 20100.
402
What is the highest common factor of 9947 and 10976?
343
What is the highest common divisor of 106834 and 65?
13
Calculate the greatest common divisor of 24 and 3820800.
24
What is the greatest common divisor of 28 and 9720746?
14
What is the highest common factor of 64 and 984128?
64
Calculate the greatest common factor of 808788 and 24.
12
What is the highest common factor of 24435 and 540?
135
What is the greatest common divisor of 62 and 253394?
62
What is the highest common divisor of 29709 and 6?
3
Calculate the greatest common divisor of 495 and 1265.
55
What is the greatest common factor of 126 and 21798?
126
Calculate the highest common factor of 10121 and 11168.
349
What is the greatest common divisor of 36 and 200898?
18
Calculate the highest common factor of 365 and 26864.
73
What is the highest common factor of 16344 and 21111?
681
Calculate the greatest common factor of 11536 and 7168.
112
What is the highest common factor of 30534822 and 153?
153
Calculate the greatest common factor of 150436 and 52.
52
Calculate the greatest common divisor of 27544 and 6600.
88
Calculate the highest common divisor of 17 and 9704.
1
What is the greatest common divisor of 2762888 and 464?
232
Calculate the highest common divisor of 556 and 1148557.
139
What is the greatest common divisor of 5 and 620615?
5
What is the highest common factor of 258753 and 1419?
33
What is the greatest common factor of 127578 and 132?
66
What is the highest common factor of 8947 and 6049?
23
Calculate the highest common divisor of 5010 and 22430.
10
Calculate the greatest common factor of 16628565 and 15.
15
What is the highest common factor of 345 and 5451?
69
Calculate the highest common factor of 1253314 and 788.
394
Calculate the highest common divisor of 217431 and 72.
9
Calculate the greatest common divisor of 190 and 95.
95
What is the greatest common factor of 176 and 65428?
44
What is the highest common factor of 25 and 365900?
25
What is the highest common factor of 2024 and 5764?
44
What is the greatest common factor of 1827 and 48024?
261
What is the highest common divisor of 55770 and 330?
330
Calculate the greatest common factor of 2709 and 75121.
43
Calculate the greatest common factor of 63 and 7231.
7
Calculate the highest common divisor of 10450 and 17600.
550
What is the highest common divisor of 217 and 21882?
7
Calculate the greatest common divisor of 57010 and 640.
10
What is the highest common factor of 14150 and 55?
5
What is the highest common factor of 2356176 and 24?
24
What is the greatest common factor of 72 and 39384?
72
Calculate the greatest common divisor of 16274 and 1648.
206
What is the highest common divisor of 385 and 623?
7
Calculate the greatest common divisor of 10204 and 8.
4
Calculate the highest common divisor of 84070 and 1330.
70
What is the greatest common divisor of 855 and 273315?
285
What is the greatest common divisor of 3544 and 2312?
8
What is the highest common divisor of 2646974 and 1?
1
What is the highest common divisor of 163824 and 1200?
48
Calculate the highest common factor of 108054 and 99.
9
What is the greatest common factor of 430775 and 475?
25
Calculate the highest common factor of 142587 and 27.
27
What is the highest common divisor of 82622 and 1137?
379
What is the highest common divisor of 82 and 127018?
82
Calculate the greatest common divisor of 26 and 89002.
2
Calculate the greatest common divisor of 2179 and 8.
1
Calculate the greatest common divisor of 104308 and 3916.
356
What is the greatest common divisor of 6259 and 2585?
11
What is the highest common divisor of 50 and 688250?
50
What is the highest common factor of 3872 and 606452?
484
What is the greatest common factor of 606418 and 138?
46
Calculate the greatest common factor of 1134655 and 3855.
1285
Calculate the highest common divisor of 140 and 1946.
14
Calculate the highest common factor of 11 and 479138.
11
What is the greatest common divisor of 51373 and 2009?
287
Calculate the greatest common factor of 4074 and 9107.
7
Calculate the greatest common divisor of 129 and 6.
3
What is the highest common divisor of 228304 and 8?
8
What is the greatest common factor of 60 and 419180?
20
Calculate the highest common divisor of 4557 and 108066.
651
Calculate the greatest common divisor of 956 and 6931.
239
What is the greatest common divisor of 6824 and 676?
4
What is the highest common factor of 592264 and 5656?
808
Calculate the greatest common factor of 698 and 7.
1
Calculate the greatest common factor of 49 and 3521.
7
Calculate the greatest common divisor of 3145828 and 1588.
1588
Calculate the greatest common divisor of 34600 and 36600.
200
Calculate the highest common divisor of 208 and 201644.
4
What is the greatest common factor of 7285 and 30080?
235
What is the highest common factor of 12 and 5285172?
12
What is the highest common factor of 5770 and 20?
10
What is the highest common factor of 257 and 193521?
257
What is the greatest common divisor of 892 and 76?
4
Calculate the greatest common divisor of 13584 and 48.
48
Calculate the greatest common divisor of 5035 and 285.
95
Calculate the greatest common factor of 304 and 38.
38
What is the greatest common factor of 210 and 31241?
7
What is the highest common divisor of 4843 and 6525?
29
Calculate the highest common divisor of 97 and 1368670.
97
What is the highest common factor of 4545320 and 8?
8
What is the highest common factor of 900745 and 85?
85
Calculate the highest common factor of 3847672 and 8.
8
What is the highest common factor of 220 and 3698255?
55
What is the greatest common factor of 14773 and 986?
17
Calculate the highest common factor of 28 and 4736984.
28
What is the greatest common divisor of 15912 and 42744?
312
Calculate the greatest common divisor of 185 and 120490.
5
Calculate the greatest common factor of 966 and 463519.
161
Calculate the greatest common divisor of 2682 and 612986.
298
Calculate the greatest common factor of 9252 and 19296.
36
What is the highest common factor of 243456 and 3840?
768
Calculate the highest common factor of 21 and 23642577.
21
What is the greatest common divisor of 8400 and 3024?
336
What is the highest common factor of 5091 and 3?
3
What is the greatest common divisor of 25150 and 601588?
1006
What is the highest common divisor of 170 and 633335?
85
What is the greatest common factor of 8249 and 2147?
113
Calculate the highest common factor of 555 and 242757.
111
Calculate the highest common divisor of 42435 and 10209.
123
Calculate the highest common divisor of 5671 and 10547.
53
Calculate the highest common divisor of 28688 and 44.
44
Calculate the greatest common factor of 48 and 20430.
6
Calculate the greatest common factor of 4876 and 13568.
212
What is the greatest common divisor of 13117 and 420753?
1009
What is the highest common factor of 333308 and 18128?
412
Calculate the highest common factor of 463259 and 41.
41
Calculate the highest common factor of 6160 and 2695.
385
What is the greatest common factor of 69187 and 43?
43
What is the greatest common divisor of 60 and 6705?
15
Calculate the greatest common factor of 56210 and 5.
5
What is the greatest common divisor of 34322 and 2358?
262
What is the highest common factor of 1646304 and 1056?
1056
Calculate the highest common fa